w. Let q be (-2)/w*(-10 + 4). Suppose q*x - 28 = -4*n, 3*n = -3*x + 2*x + 23. Calculate the greatest common divisor of 4 and n.
4
Let k(j) = j**2 + 168. Let l be k(0). Calculate the highest common factor of l and 21.
21
Let h = -27 + 34. What is the greatest common factor of 7 and h?
7
Let p(y) = -y**2 - 4*y - 6. Let m be p(-4). Let v = m - -11. Suppose -2*n = -4*g + 352, 101 + 333 = v*g - 4*n. Calculate the highest common divisor of 10 and g.
10
Let o(n) be the first derivative of -5*n**2/2 - n - 3. Let g be o(-1). Calculate the highest common factor of 16 and g.
4
Suppose 3*t - 215 + 46 = -4*o, -148 = -3*o + 2*t. Calculate the greatest common divisor of o and 184.
46
Let d be (-6 + 0)/(3/(-32)). What is the greatest common divisor of 16 and d?
16
Let l(g) = 42*g + 1. Let j = -5 - -2. Let w(m) = 125*m + 3. Let t(p) = j*w(p) + 8*l(p). Let v be t(-2). What is the greatest common factor of 7 and v?
7
Let q = 2 - -9. Suppose 3*x - 3*u - 9 = 0, 0 = -4*x + 5*x + 3*u - q. Suppose 0 = -2*s + s + 5. Calculate the greatest common factor of x and s.
5
Suppose 3*i - 13 = 23. Suppose v + 3*j = 2*j + 36, -108 = -3*v - 5*j. Calculate the greatest common divisor of v and i.
12
Suppose -5*x + x = -440. Calculate the greatest common divisor of x and 10.
10
Let l = -26 + 42. Suppose i + i = l. Suppose i = 3*g - 46. What is the greatest common divisor of g and 54?
18
Suppose -24 = -s + 26. Let w be (-204)/(-10) - (-6)/(-15). What is the greatest common factor of w and s?
10
Let t(f) = -f + 11. Let d be t(8). What is the greatest common factor of d and 27?
3
Suppose -2*x + 76 = 2*x. Suppose -v + 5*v + 28 = -4*s, -4*v = -4*s + 44. Let p = x - v. What is the greatest common factor of p and 4?
4
Let a = 10 + -5. Suppose 0 = -15*l + 51 - 6. Suppose l*z - a*c - 29 = 0, -z - c + 3 = -4*c. Calculate the greatest common divisor of 27 and z.
9
Let i be 3864/(-15) - 4/10. Let z be i/(-8) - 3/12. What is the highest common divisor of z and 4?
4
Let s(a) = a + 6. Let i be s(-3). Let k be 48 - (-3 + (i - 0)). Let r(g) = -g**2 + 8*g - 6. Let d be r(6). What is the highest common factor of d and k?
6
Let v = 22 - 3. Suppose -x - v + 1 = 5*b, -x - 3*b - 10 = 0. Suppose 256 = -x*p + 4*p. Calculate the greatest common factor of 16 and p.
16
Suppose 3*y = 4*v - 134, 4*y + 0*y = v - 40. Calculate the greatest common divisor of v and 256.
32
Suppose -21 = -8*n + 43. What is the greatest common divisor of 64 and n?
8
Suppose -4*d + 5*d - 11 = 0. Let t be 63/15 + (-1)/5. Let r be 2 - (-2)/(t/150). What is the highest common factor of d and r?
11
Let k be -3 - -1 - -1 - -14. Calculate the greatest common divisor of 52 and k.
13
Let n = 8 + -8. Suppose n = q - 2*j - 110, -q - 3*j = -6*q + 550. Calculate the greatest common divisor of q and 10.
10
Let i(b) = -9*b + 1. Let g be i(-5). What is the greatest common divisor of 115 and g?
23
Suppose -5*f + 6*o - 3*o = -42, -49 = -5*f - 4*o. Suppose -2*m - x - 14 = m, 3*x - 12 = 0. Let n = f - m. What is the highest common factor of n and 165?
15
Let b = 258 - 147. What is the greatest common factor of b and 74?
37
Suppose -2*v - 6 = -2*k, k + 3*v - 21 = -6. Calculate the greatest common divisor of 54 and k.
6
Let c(y) = y**3 - y. Let f(s) = -5*s**3 - 8*s**2 + 12*s - 5. Let g(z) = 4*c(z) + f(z). Let t be g(-9). Calculate the highest common factor of 16 and t.
4
Let y be 3/(-3) + (-6 - -24). Suppose 0 = 6*g - g - 170. Calculate the greatest common factor of y and g.
17
Let s(w) = -w**3 + 10*w**2 + 7*w - 10. Let m be s(10). What is the greatest common divisor of 6 and m?
6
Suppose l + 221 = 5*z, -164 = -z - 3*z + 4*l. Calculate the greatest common divisor of 5 and z.
5
Suppose -3*y - 100 = 5*u, -94 + 34 = 3*u - y. Let z = -11 - u. Suppose 5*a = 3*f - 6*f + 279, -5*f = 4*a - 231. What is the highest common factor of z and a?
9
Let v(a) = a**3 - 3*a**2 - 7*a. Let t be v(6). What is the highest common factor of 6 and t?
6
Let h(d) be the third derivative of d**6/120 - d**5/15 + d**4/8 + 2*d**2. Let u be h(4). Let m = -149 + 257. Calculate the highest common factor of u and m.
12
Suppose 6 = 5*m - 4*m + 2*r, -4*m + 2*r - 6 = 0. Suppose m = 5*c - 18 - 177. Calculate the highest common factor of c and 26.
13
Let n = 20 - 7. Suppose -r - 2 = -n. Calculate the highest common factor of r and 99.
11
Suppose -5*p - 192 = -5*c - 4*p, 5*c = 5*p + 180. Calculate the greatest common divisor of 65 and c.
13
Let j = 1 + -2. Let y be 3 + j + 5 + 70. Calculate the highest common factor of y and 7.
7
Let j(s) = -s**3 - 3*s**2 - 2*s. Let k be j(-3). Let m = 178 + -154. What is the greatest common factor of m and k?
6
Suppose -3*y + 8 + 7 = 0. Let z(k) = -k**2 + 7*k + 9. Let s be z(-4). Let u be (-1*2)/(14/s). Calculate the highest common factor of u and y.
5
Let b be 36/(-48) - (-71)/4. Calculate the highest common factor of 170 and b.
17
Suppose 0 = h + 4*h. Suppose h = 7*p - 3*p - 440. Let d = 2 + 8. What is the greatest common divisor of d and p?
10
Let w = 237 - 169. Calculate the highest common factor of 51 and w.
17
Let l(y) = 2*y**3 + 10*y**2 - 7*y - 5. Let z be l(-5). Calculate the highest common factor of z and 270.
30
Suppose 124*b - 121*b = 99. Calculate the greatest common divisor of 55 and b.
11
Suppose 415 = 6*q - 341. Calculate the greatest common factor of 14 and q.
14
Let q = 5 - -51. What is the greatest common factor of 56 and q?
56
Let f be ((-9)/3)/(6/(-28)). Suppose 3*d - 92 + 8 = 0. Let y be 3/(-1 - (-34)/d). What is the greatest common divisor of y and f?
14
Let z = 33 + -26. Let c = -117 - -194. What is the highest common factor of c and z?
7
Suppose -c = c - 12. Suppose -2*o = -i - 473, c*o + i - 697 = 3*o. What is the greatest common factor of o and 26?
26
Let t(g) = -g + 32. Let w be t(-8). What is the highest common divisor of 20 and w?
20
Let w(r) = 2*r**2 + 10*r + 14. Let p be w(-2). Calculate the greatest common divisor of p and 6.
2
Let p(f) = 8*f**2 - 5*f. Let w be p(4). Suppose u + 28 = 2*b + 2*u, 4*b - 5*u = 28. What is the highest common factor of b and w?
12
Let h(n) = -n**3 + 6*n**2 + 4*n + 4. Let l be h(5). Suppose -4*k + l - 9 = 0. Calculate the greatest common divisor of k and 80.
10
Let f(x) = x - 10. Let b be f(7). Let s(h) = 3*h + 4. Let d be s(b). Let k be (d/(-3))/(1/3). Calculate the greatest common factor of k and 45.
5
Let v = -1 - -1. Suppose 3*h = -v*h + 15. Suppose -h*k + 0*k = -100. Calculate the highest common divisor of 20 and k.
20
Let f(u) = -u + 9. Let c be f(7). What is the highest common factor of c and 2?
2
Suppose -5*i = -3*f - 6, i + 3*i - 5*f + 3 = 0. Let h be 3/(-9) + 49/i. What is the highest common factor of h and 40?
8
Let m(i) = -i**3 - 5*i**2 + 13*i - 9. Let l be m(-9). Suppose 0 = 4*v + 3*q - 76, 0*v + v - 38 = 4*q. What is the greatest common factor of l and v?
22
Let m = 9 - -18. What is the highest common factor of m and 108?
27
Let j be (-38)/(-2) + 3/(3 + 0). What is the highest common divisor of j and 10?
10
Let q(g) = -3*g + 2. Let w be q(-2). Let t be (-11)/((-22)/20) + (-2)/(-1). What is the greatest common factor of t and w?
4
Let q = 315 + -160. Calculate the highest common factor of q and 5.
5
Suppose 4 = 2*d - 2. Suppose -u = -s - 4, 4*u - 2*s = d*u + 2. Calculate the highest common factor of 15 and u.
3
Suppose 0 = 10*g - 949 + 179. What is the highest common factor of g and 7?
7
Let q(l) = -l**3 + l**2 + 2. Let t be q(0). Let v be (-2)/(-6) + 8/3. Calculate the greatest common divisor of v and t.
1
Let z(t) = -t - 5. Let b be z(-3). Let y be -28*-4*(4 + b). Let o = -139 + y. Calculate the greatest common factor of 34 and o.
17
Let c be 2/5 - (-232)/(-5). Let p = -24 - c. Suppose -3*k = f - 15, -3*k + 29 + p = 3*f. What is the highest common divisor of 18 and f?
18
Let h = 33 + -18. Calculate the highest common divisor of 150 and h.
15
Let b be 6/2 + 1 + -2. Suppose 3*x + 21 = 3*n + b*x, 0 = 5*x + 15. Calculate the greatest common divisor of n and 4.
2
Suppose 3*y - 12 = -3. Let c(f) = f**3 - f + 15. Let p be (1 + -1)/(5/5). Let v be c(p). What is the greatest common divisor of y and v?
3
Let r = -4 - -2. Let p be 2 + 6/(-1 - r). Let k be 82/7 + (-8)/(-28). Calculate the greatest common divisor of p and k.
4
Let l(c) = c**2 + 2*c + 5. Suppose 0 = -2*r + 4*a, 5*r + 3*a = 2*a. Let